- (2 + -5 + 3). Calculate the greatest common divisor of o and v.
30
Let f(o) = -2*o + 2. Let j be f(-12). Suppose j = 2*i - 16. Calculate the greatest common factor of 147 and i.
21
Suppose -5*q + 0*q = -1125. Suppose 4*j = 7*j + z - 2460, -2*z + 3278 = 4*j. Suppose 12*g - 259 = j. What is the highest common factor of g and q?
45
Let o = -14 + 15. Let t be 4*(1/(o/(-1)) - -35). Suppose 5*c + 2*g = t, c - 10 - 14 = -2*g. Calculate the highest common divisor of c and 70.
14
Suppose -71 - 61 = -22*d. Suppose 2*z - 3 = -3*n - 0, -3*n = z - 6. Let w(y) = -7*y + 3. Let i be w(z). What is the highest common factor of d and i?
6
Suppose -2*f + 4*c + 82 = 0, -5*f - c - 74 = -301. Suppose -131*y + 11193 - 3333 = 0. What is the greatest common divisor of f and y?
15
Let r = 105 - -175. Let s be 693/18 + (-591)/(-394). Calculate the highest common divisor of s and r.
40
Let k = -8 + 79. Let l = k - 69. Suppose t = 83 - l. Calculate the greatest common divisor of t and 27.
27
Let v be (-5)/((-10)/6) + (-1)/1. Let n be 0 - -17 - (v - (5 - 1)). Let t = 409 - 238. What is the highest common divisor of n and t?
19
Let m(h) be the third derivative of h**4/3 + 85*h**3/6 - 76*h**2. Let n be m(-8). Calculate the highest common factor of n and 189.
21
Suppose -1058*r + 1077*r = 16416. Calculate the highest common divisor of 297 and r.
27
Let n(w) = -971*w + 981. Let z be n(1). Calculate the highest common divisor of 6430 and z.
10
Let o be -5 - (1 + 1)/((-10)/15). Let p be (o/(-6))/((-3)/(-180)). Suppose -3*y + 442 = -158. What is the greatest common divisor of y and p?
20
Suppose 184*q + 7698 = 13218. Let a = -237 - -372. Calculate the highest common divisor of q and a.
15
Let v(t) = -7*t**3 + 9*t - 3*t**3 - 20 + 11*t**3 + 8*t**2. Let l be v(-6). Let r be ((-8)/2)/l - -15. What is the highest common factor of 17 and r?
17
Suppose -8*j = -21*j - 3*g + 73, -4*j = 5*g + 2. Calculate the greatest common factor of j and 45.
1
Let o(l) = 6448*l**2 + 254*l - 761. Let z be o(3). What is the greatest common factor of 131 and z?
131
Let h(p) = p**3 - 14*p**2 + 5*p + 10. Let z be h(13). Let x = z + 206. Let n = 177 - x. What is the highest common divisor of n and 26?
13
Let s = 5110 + -4974. Calculate the greatest common divisor of 44 and s.
4
Let g = -3078 - -3282. Calculate the greatest common factor of 96 and g.
12
Suppose 3*j - 2302 = -2*q, 3*j + 32*q - 29*q = 2310. What is the greatest common divisor of 6 and j?
6
Let w be ((-1 - (2 - 4))*-1)/1. Let l(j) = -303*j**2 + 7*j + 7. Let u be l(w). Let y = u + 527. What is the greatest common factor of 28 and y?
28
Let u = 458 - 314. Suppose -8*v - u = -11*v. What is the highest common divisor of 336 and v?
48
Let q be ((-1105)/4)/(35/(-140)). What is the highest common factor of q and 119?
17
Suppose 4 = 2*q + s, 2*s = 4*s. Suppose l + 5*k = -l - 2, -q*k = 4. Let u be (32/12)/((-4)/(-66)). What is the greatest common divisor of u and l?
4
Let o be 18/(30/5) - -7. Suppose -5*r = o, -4*r - 27 = -p - 11. What is the greatest common divisor of 48 and p?
8
Let f = 17234 - 17229. Suppose 0 = -2*q - 0*q + 276. Let j = -93 + q. Calculate the highest common divisor of f and j.
5
Suppose 4*x + 62407 = 62*w - 57*w, 4*x - 49940 = -4*w. Calculate the highest common factor of w and 513.
171
Suppose -2*z - 8 = -18. Let t(r) = -r**2 + 3*r + 29. Let g be t(0). Suppose 0 = z*w - 31 - g. Calculate the highest common divisor of 12 and w.
12
Let z(c) = 3*c**2 - 8*c + 22. Let a be z(-22). Calculate the greatest common factor of a and 100.
50
Let f = 5 - -5. Let o(h) = h**2 - 2*h - 19. Let q be 168/(-20) + 3/(-5). Let l be o(q). Calculate the greatest common factor of f and l.
10
Let w be (0 - -15)/(-3) - -7. Let q be (w/2)/((44/(-28))/(-11)). Let b(g) = -4*g + 4. Let u be b(-6). Calculate the highest common factor of q and u.
7
Let x = 7247 - 7196. What is the greatest common factor of 5559 and x?
51
Let b be (-1540)/(-550)*(-10)/(-2). Let d(y) = -y**3 + y**2. Let a be d(0). Suppose a = -l + 28 + 84. Calculate the greatest common factor of l and b.
14
Let c be (60/(-25))/3*420/24*-374. What is the greatest common divisor of c and 44?
44
Let i be -285*(-1)/45 + ((-16)/(-6) - 1). What is the highest common factor of i and 568?
8
Suppose 8042 - 722 = 61*f. Let p = 206 - f. Calculate the greatest common factor of p and 731.
43
Let o be -1*7*1/(-7)*69. Calculate the highest common divisor of o and 5911.
23
Let n = -2672 + 4139. Calculate the highest common divisor of 27 and n.
9
Let i(j) = 27*j + 1636. Let m be i(-57). Calculate the greatest common divisor of m and 1.
1
Let p = 451 - 452. Let n(c) = 0 + 2*c + 60*c**2 + 6*c**2 + 2. Let s be n(p). What is the highest common divisor of s and 165?
33
Suppose -2*j = 3*b - 0 - 6, 5*j + b - 41 = 0. Suppose -6*d = -j*d + 18. Let s = 20 - 18. What is the greatest common factor of s and d?
2
Suppose -a = -5*a - 8, 0 = -4*g + 2*a + 4. Suppose -4*r - 114 + 818 = g. Let l be (-126)/(-36)*(-544)/(-119). What is the highest common divisor of r and l?
16
Let s(n) = -n**3 + 24*n**2 - 25*n + 41. Let q be s(23). Let d be 765/20 + q/20. Calculate the greatest common divisor of 57 and d.
19
Suppose -n = -u + 17, 2*u - 5*n - 40 = -0*n. Let l(m) = 2*m**2 + 141*m - 2066. Let y be l(13). What is the highest common divisor of y and u?
15
Let y be ((-2)/4)/((-1)/18). Suppose -232*b + 218*b - 224 = 0. Let g be 90*b/4*(-9)/72. Calculate the greatest common factor of g and y.
9
Suppose -v = -5*v - 4. Let n be v/(-18)*4 - 1454/(-18). Suppose -4*b + 61 = 4*c - b, -b - n = -4*c. Calculate the highest common divisor of 57 and c.
19
Let r = 17697 + -10281. What is the highest common factor of 9 and r?
9
Let m(s) = -5*s**2 - s + 2. Let w be m(-2). Let l be (2 + 0 - w) + 0. Let c be 4/(-26) + (111/(-39) - -9). What is the greatest common divisor of c and l?
6
Let d(u) = -1571*u - 1665. Let t be d(-2). Calculate the highest common divisor of t and 7.
7
Suppose -15*b + 78 = 18. Suppose l - 4*i - 273 = 0, b*l - 3*i - 581 - 511 = 0. What is the greatest common factor of l and 21?
21
Let m = 18 + -56. Suppose -208 = -4*i + 4*n, -4*n - 46 = -3*i + 2*i. Let a = m + i. What is the highest common factor of 4 and a?
4
Let n = 2 - -4. Let p = 7 - n. Let r(s) = -s**2 - 41*s + 1480. Let c be r(23). What is the highest common factor of p and c?
1
Let h be 333468/24*(-2)/(-21) - 4/14. Calculate the highest common factor of h and 273.
21
Let l = -643 - -642. Let s be l/(-8 + 1150/144). Calculate the greatest common factor of s and 112.
8
Suppose -60 = -u - 5*l + 9*l, -4*u = 4*l - 220. Let p be (-12)/16 + 59/4. What is the greatest common factor of p and u?
14
Suppose -5*g + 2*c - 1126 = 2799, -g = 2*c + 773. Let p be 25/(-10) + g/(-6). Calculate the greatest common factor of p and 24.
8
Let p(c) = 286*c**2 + 61*c - 209. Let a be p(4). Calculate the highest common factor of 159 and a.
159
Suppose 2*i + 0*f - 115 = -5*f, -4*i = -5*f - 275. Let o be (14/6)/((-35)/(-15))*5. Calculate the highest common divisor of o and i.
5
Suppose 2*r + 634 = 2*m, -3*m - 5*r = -10*r - 961. What is the highest common divisor of 132 and m?
12
Let m(p) = 14*p - 19. Let g be m(4). Suppose -6*z = -2*z - 148. What is the highest common divisor of z and g?
37
Suppose 2*c - p - 7 = -0*p, -31 = -5*c - 2*p. Suppose -2*y + 6 = -d - 27, -5*y - c*d + 60 = 0. Calculate the highest common divisor of y and 270.
15
Suppose -x + 59 = 3*y - 10, -12 = -3*y. Let t = 61 - x. Let w be 7*(10 + -2)/t. What is the highest common divisor of w and 42?
14
Let j = 280 - 290. Let v be 33*(6 + j/15). Calculate the greatest common divisor of v and 616.
88
Suppose 110 = 8*a + 214. Let m = a - -244. Calculate the greatest common divisor of m and 7.
7
Let f = 206 - 136. Let l be (-2)/((-20)/6)*5. Suppose -l + 31 = v. What is the highest common factor of v and f?
14
Let w be (-5)/9*-3*(-18)/(-10). Suppose w*f = -2*p - 2*p + 537, 878 = 5*f + p. What is the greatest common factor of 35 and f?
35
Let j be 1/(-2)*0 - -4. Suppose -14*n + 16*n = j. Let r be (-10)/n*(-24)/15. Calculate the greatest common factor of 40 and r.
8
Let x = -8166 - -8440. Calculate the greatest common divisor of x and 5617.
137
Let h be (-10)/(((-43)/387)/(((-3)/(-1))/9)). Suppose -4*s + 3*d + 65 = 0, -5*s + d + 4*d = -75. What is th